 -3*o + 15 = -0. Suppose 0*l - 3*l + 4*s - 12 = 0, -o*s = 5*l - 15. Suppose -4*z + 120 = -l*z. Calculate the highest common factor of 6 and z.
6
Let n = -369 + 371. What is the greatest common divisor of n and 2?
2
Suppose -57 + 177 = 8*q. Let b = -6 + 21. Calculate the highest common divisor of q and b.
15
Let g(y) = 12*y**2 - 11*y - 41. Let w be g(-4). What is the greatest common factor of w and 45?
15
Let l = 4396 - 2446. Calculate the highest common factor of l and 26.
26
Let o be 136/6*(-33)/(-2). What is the highest common factor of 44 and o?
22
Let k be 10 + (-5 - (1 - 2)). Suppose -2*v = -k*v + 660. Suppose 0*q = -q + 15. Calculate the highest common factor of q and v.
15
Let f be -4 + (-1 - 6/3). Let g(k) = -19*k - 21. Let r be g(f). What is the highest common divisor of r and 16?
16
Let g be (-4)/(12/165) + 1. Let w(f) = 7*f**2 - 6*f + 2. Let q be w(4). Let b = g + q. What is the highest common divisor of 24 and b?
12
Let y(k) = 26*k**3 + 2*k**2 + 2*k - 2. Let i be y(2). Suppose i + 134 = 4*j. What is the greatest common factor of j and 11?
11
Let d = -49 - -89. What is the greatest common divisor of d and 30?
10
Let u be (-4)/(-3) - (-2)/(-6). Let a(g) be the first derivative of 53*g**4/4 - g**2/2 - 34. Let j be a(u). Calculate the greatest common factor of 13 and j.
13
Suppose 0 = -7*l + 421 + 62. Calculate the highest common divisor of l and 3.
3
Let f be (-4)/(-12)*33*(-1 + 2). Suppose -16*q + 15 = -f*q. What is the greatest common factor of q and 24?
3
Let o be -4*109/(-20) - 16/20. Calculate the highest common factor of o and 28.
7
Suppose 4*w + 4*d - 64 = 0, 6*w - w + 2*d = 92. Suppose 2*r - 5*o = 295, 71*r = 68*r + 2*o + 470. What is the highest common factor of r and w?
20
Let r(o) = o**2 - 10*o + 2. Let d be r(10). Suppose -2*b + 56 = d*c - 4*c, -5*b + c = -148. Calculate the greatest common factor of 20 and b.
10
Suppose -2*q + 28*q = 15392. What is the greatest common divisor of q and 37?
37
Let h(c) = 4*c**2. Suppose 4*l = 3 + 1. Let j be h(l). Suppose 0 = j*d - 4*k - 48, 2*d - 7 = -4*k + 5. What is the highest common divisor of 70 and d?
10
Let b be 0/(8/4 - 4). Suppose 9 = 3*k - b. Let u be -2 - (-5)/(25/20). Calculate the highest common divisor of u and k.
1
Suppose -4*r + 2*a = -488, -4*a - 280 = -5*r + 336. What is the highest common factor of r and 48?
24
Suppose 79*y = 82*y - 126. Calculate the highest common factor of y and 1134.
42
Suppose 2*b = 3*b, 12 = 3*r + b. Suppose -r*q + 2*z - 722 = 0, -q + z + 173 = -2*q. Let d = -68 - q. Calculate the highest common divisor of d and 10.
10
Let i be (-16)/(-88) + 174/11. Let r = 40 - i. Suppose 0 = 3*f + w - 14 - r, 4*f + 2*w = 54. Calculate the greatest common factor of 88 and f.
11
Let f be 0 + 7 + 25/((-125)/(-30)). Suppose -5*x + 2 = 3*p, 0 = -3*x - 0*x - 6. Let q be 3/((-6)/p) - -28. Calculate the highest common factor of f and q.
13
Let j(o) = o**3 + 8*o**2 + 10*o + 27. Suppose -33 = 4*b - 5*w, -2*w - 16 = 4*b + 10. Let q be j(b). What is the greatest common factor of q and 66?
6
Let r = 170 + -163. Let d = 66 - 31. Calculate the greatest common factor of d and r.
7
Let h(d) = -d**3 - 11*d**2 - 14*d - 15. Let x be h(-10). Calculate the greatest common divisor of x and 20.
5
Let n(t) = 4*t**2 - 86*t + 128. Let c be n(20). Calculate the greatest common factor of 2 and c.
2
Let m(i) = 114*i + 1379. Let d be m(-12). What is the greatest common factor of 638 and d?
11
Let c = -1932 + 1940. Let g(s) = s**2 - s - 4. Let o be g(-4). Calculate the greatest common factor of o and c.
8
Let a be 2/(8/6)*(-20)/15. Let w(s) = -2*s**3 - s**2 + 2*s. Let c be w(-2). Let m be ((-68)/8)/(a/c). Calculate the greatest common divisor of 238 and m.
34
Let v(f) = -f**2 + f + 24. Let o be v(0). Let i = -22 + 34. Let p be 8/i - (-212)/6. What is the highest common factor of p and o?
12
Suppose -6*l + 4*l + i + 1 = 0, -5*i = 3*l - 34. What is the highest common divisor of 75 and l?
3
Let l = 7 - 12. Let z(n) be the third derivative of n**5/60 + n**4/6 + 115*n**2. Let d be z(l). Calculate the greatest common factor of 10 and d.
5
Suppose -23*v = -4672 - 1653. Suppose k = -0*k + 25. What is the greatest common divisor of k and v?
25
Suppose 360 + 25 = 5*h. Let s = -76 + h. Calculate the highest common factor of s and 5.
1
Let f = 1775 + -1745. What is the greatest common divisor of f and 160?
10
Let t be (8/1)/(45808/(-2864) - -16). What is the highest common divisor of t and 24?
8
Let r = -20 + 23. Suppose 2*u + 10 = r*u. Calculate the highest common factor of u and 90.
10
Let i = 1235 + -1191. Calculate the greatest common factor of i and 1210.
22
Let l(z) be the second derivative of -z**3/3 + 41*z**2/2 - 9*z. Let f be l(16). Calculate the greatest common divisor of f and 18.
9
Let c = 41 - 35. Let q be 30/c*(-7)/(-1). What is the highest common divisor of 105 and q?
35
Suppose 10 = 4*f - 14*f. Let s be 1/2 + (f - (-45)/6). Calculate the highest common factor of s and 2.
1
Let t(j) = 2*j**2 - j. Let r(a) = a**2 + 3*a - 3. Let m be r(-4). Let s be t(m). Calculate the greatest common factor of 1 and s.
1
Let r = -7699 - -7712. Suppose 0 = -2*u + 4 + 20. Let x = 14 + u. What is the greatest common factor of r and x?
13
Suppose 3 = 2*f - n, -f = -3*f + 2*n + 2. Suppose r + 0*r + f = 0. Let l be 77/(-14)*(r - 0). What is the highest common divisor of 88 and l?
11
Let f = -343 - -399. Calculate the highest common divisor of f and 32.
8
Let i = -91 + 85. Let v(w) = 2*w**2 + 8*w + 32. Let h be v(i). Calculate the highest common factor of h and 8.
8
Suppose -2*y = c - 105 + 49, 2*y = 4*c - 194. What is the highest common factor of 1225 and c?
25
Let w = 6 - 1. Let p(k) = -k**2 + 5*k + 3. Let y be p(w). Suppose -2*v = 4*t - 46, 0 = y*v + 6*t - 3*t - 60. What is the greatest common divisor of v and 102?
17
Let o(w) = w**2 + w - 4. Let d be o(3). Suppose -2*v - d*v = -260. What is the greatest common divisor of 65 and v?
13
Let a be (-6)/33 - 15/(-66)*1070. What is the greatest common divisor of 9 and a?
9
Suppose -69 = -o + 5*k, o + 61 = 2*o + 3*k. Suppose -o = -3*m - 10. What is the greatest common factor of 27 and m?
9
Let p be -2 + 2 - 32/(-2). Let l = -12198 - -12214. Calculate the highest common factor of p and l.
16
Suppose 3*f + 0*f = 3*j + 183, 3*f = 5*j + 193. Calculate the greatest common divisor of f and 252.
28
Suppose 0 = 12*d - 17*d + 20. Suppose -5*f - 10 = -5*l - 0, -d*l = 5*f + 1. Calculate the highest common factor of 8 and l.
1
Let u be 36/(-24)*(-28)/6. Let p(x) = -2*x**3 - 10*x**2 - x - 3. Let i be p(-5). Suppose -2*m + 112 = i*m. Calculate the highest common divisor of m and u.
7
Suppose -2*x + 4*x - 644 = -4*j, 3*j = 5*x - 1623. Let q(r) = -8*r**2 + 121*r + 21. Let n be q(15). What is the greatest common divisor of x and n?
36
Let u = -604 + 2128. Calculate the highest common divisor of 24 and u.
12
Let t = -9 + 13. Suppose 31 = -2*g - 5*p, -t*p = 2*g + g + 29. Let q be g*(1/3 - 3). Calculate the greatest common divisor of 12 and q.
4
Let a = 11 + -8. Let r be 12/18 + 496/a. Let y = r - 103. Calculate the greatest common factor of y and 42.
21
Let h = 872 + -89. Let b = h - 486. Let v(k) = k**2 - 7*k + 9. Let x be v(9). What is the highest common factor of b and x?
27
Let k(l) = l**3 + 15*l**2 - l - 11. Let d be k(-15). Let o be 3 + 52/d*-2. Let c = -9 - o. Calculate the greatest common factor of 70 and c.
14
Suppose 3*x - 132 = 3*s, s + 0*s - 250 = -5*x. What is the highest common factor of x and 7?
7
Suppose 3*u - 33 = -4*l, u - 2*u = 5*l. Let z = 577 + -307. Suppose -5*n = -2*n - z. Calculate the greatest common divisor of u and n.
15
Let q = -274 - -112. Let j = 340 + q. Let i = -34 + j. Calculate the highest common divisor of i and 18.
18
Let d = 306 - 45. Suppose 0 = -2625*i + 2606*i + 551. What is the greatest common factor of d and i?
29
Suppose -149*s + 151*s = 5*h - 262, 0 = 2*h + 3*s - 120. Calculate the greatest common divisor of h and 90.
18
Let p(c) = -c + 75. Let z be p(-23). Calculate the greatest common divisor of z and 42.
14
Suppose 0*m + 126 = 6*m. Let f = 12 + -5. Calculate the greatest common divisor of m and f.
7
Let z = 874 + -10. Calculate the greatest common factor of z and 32.
32
Suppose -4*h + 643 + 5504 = -3*d, d = -2*h + 3071. What is the great